hird derivative of d**5/60 + 43*d**4/24 + 122*d**3/3 - 2602*d**2 - 2*d + 2. Calculate w(-7).
-8
Let j(c) = c**2 + 7*c - 5. Suppose -16 = 8*q - 6*q. Let l be j(q). Suppose l*a = 2*a + 5. Let i(v) = v**2 - 7*v + 5. Determine i(a).
-5
Let a be (3 - 105/(-9)) + 4/(-6). Suppose 7*c - a = -0*c. Let z(u) = -7*u**c + 88 - 96 + u**3 + 10*u - u. Calculate z(6).
10
Let t be (1 - (-27)/(-6))/((-12)/216). Suppose 68*u = t*u. Let h(m) = m**2 + m + 2. What is h(u)?
2
Let g(m) = 13*m - 4. Let b be 14/(-2) + -1 + 2. Let n(p) = 48*p + 383. Let j be n(-8). Let k(l) = -2*l. Let t(i) = b*k(i) + j*g(i). Give t(6).
-2
Let d = 282 + -228. Let v(t) = 24*t**2 - 2 + 26*t**2 + t - d*t**2 + 3. Calculate v(-1).
-4
Let o(r) = 2*r + 20. Suppose -5*t + 196 = -4*t. Let l = -208 + t. Determine o(l).
-4
Let x(b) = -b + 6. Let r = 15 + -9. Let w be -3 + ((-2)/(-7))/(r/210). Determine x(w).
-1
Let g(u) = 3*u**2 - 4*u - 8. Let a be g(9). Let o = -192 + a. Let b(x) = -x**3 + 7*x**2 + 3*x - 10. Give b(o).
11
Suppose 10*f = 2 + 8. Suppose -20 = -38*g + 34*g. Let k(p) = -6*p + 5. Let j(b) = -9*b + 7. Let n(w) = g*j(w) - 7*k(w). Calculate n(f).
-3
Let y(v) = -11*v**3 - 94*v**2 - 99*v - 378. Let c(o) = -8*o**3 - 63*o**2 - 67*o - 252. Let f(q) = -7*c(q) + 5*y(q). What is f(30)?
-6
Let q be (1 + 41)/(-3)*(1 - 2). Let d(p) = 9*p - 29*p - q*p**2 + 11 + 3*p. Let c(s) = 5*s**2 + 6*s - 4. Let g(k) = -11*c(k) - 4*d(k). Give g(-2).
0
Let s(b) = -b**3 - 29*b**2 - 36*b - 28. Let z be s(-28). Let h(d) = -d**2 + 197*d + z*d - 1 - 400*d. Calculate h(-3).
11
Suppose -2*d = -0*d. Let j(s) = 7*s - 1. Let b(o) = 11*o - 1. Let w(h) = -2*h**2 + 10*h - 16. Let u be w(4). Let r(a) = u*j(a) + 5*b(a). What is r(d)?
3
Let q(s) be the second derivative of 0 + 49*s + 1/2*s**2 - 1/4*s**4 + 1/6*s**3 + 1/20*s**5. Give q(3).
4
Let k(l) = -l**2 - 6*l + 5. Let x(b) = -4*b**3 - 9*b**2 - 4*b - 1. Let o be x(-4). Suppose -139*s - 72 = -o*s. Give k(s).
5
Let h(m) be the third derivative of m**5/60 + 13*m**4/24 - m**3 - 5*m**2 - 2. Let f(b) = 2*b**2 + 27*b - 14. Let w(o) = -2*f(o) + 5*h(o). Determine w(-11).
-2
Let r(q) = 10 - 4*q + 17*q - 10 + 38 + 12*q**2 - 11*q**2. Determine r(-7).
-4
Let g(r) = 4*r**2 - 11*r - 8. Suppose -58*p - 318 = -111*p. Calculate g(p).
70
Let g = -277 - -285. Let c(b) = -703 - g*b + 354 + 351. Determine c(2).
-14
Let a(f) = -219 + 651 + 0*f**2 + f**2 - 227 + 5*f - 219. Calculate a(-7).
0
Let v(l) = 22*l + 16*l - 3*l**3 - 3 + 6*l**3 - 4*l**3 + 5 - 10*l**2. Determine v(-13).
15
Let c be (((-28)/(-8))/7)/(1/2). Let v(m) = -m**2 - 21*m - 30. Let z be v(-19). Suppose 3*g - z = c. Let u(w) = -5*w + 1. What is u(g)?
-14
Let z(g) = -g - 14. Let i(y) = -y + 22. Let t(l) = l**2 - 11*l + 21. Let w be t(8). Let b be (-4)/3 + -1 + (-73)/w. Let a be i(b). Give z(a).
-14
Let r(p) be the third derivative of -p**5/60 - p**4/6 + 4*p**3/3 - 1275*p**2. Calculate r(-7).
-13
Suppose 15*s - 11*s + 13 = i, 17 = 2*i + s. Let x(g) = g**2 - 12*g + 42. Calculate x(i).
15
Let r(u) = 16*u**2 + 28*u - 28. Let s be r(1). Let b(o) = o**3 - 16*o**2 - o - 2. What is b(s)?
-18
Let p(j) = 4*j - 61. Let h(l) = 2*l - 35. Let z(a) = -7*h(a) + 4*p(a). Suppose 0 = -q + 7 - 0. Give z(q).
15
Let a(u) = -2*u. Suppose -j + 495 = 4*y, -5*y - 1063*j + 627 = -1059*j. Let o be (-379)/3 - (-2)/6. Let h = o + y. Determine a(h).
6
Let i be (-198)/(-33)*(-3)/(0 - 3) - 19. Let t(q) = -q**2 - 18*q - 75. Give t(i).
-10
Let j(x) be the third derivative of -x**6/120 + 17*x**5/60 + 7*x**4/8 + x**3/6 + 1019*x**2. What is j(18)?
55
Let q(h) = -4*h + 81. Let j be q(18). Let k(v) = v - 16. Let g(i) = 1. Suppose 0 = -3*s + 2*s + 1. Let p(f) = s*k(f) - 6*g(f). Determine p(j).
-13
Let t(h) = -2*h**2 - 2*h + 59. Let o be 7/((-784)/476) + (-14)/8. Determine t(o).
-1
Suppose 5*b - 120 = 4*d, 7*b - 85 = 4*b + 5*d. Let j = b - 10. Let c(y) = j + 43*y - 44*y - 10. What is c(-6)?
6
Let r(y) be the third derivative of -1/60*y**5 + 0*y + 35*y**2 + 0 - 10/3*y**3 + 19/24*y**4. Calculate r(18).
-2
Let h(b) = 4*b + 317. Let u(k) = k + 64. Let n(x) = -4*h(x) + 19*u(x). Give n(22).
14
Let h = 22 + 94. Let a(x) = -4*x - 57 - 57 + 10*x + h. Calculate a(4).
26
Suppose -729*v + 20 = 20. Let c(w) be the first derivative of 1/2*w**2 - 1 + 3*w. Determine c(v).
3
Let t(f) = -f**3 - 19*f**2 - 21*f + 11. Let b be t(-18). Let i = 67 - b. Let m(c) = -c - c**i + 4 - 3 + 0 - 2. Give m(-2).
-3
Let a = -4543 - -4555. Let m(o) = 12*o - 75. Calculate m(a).
69
Let l(o) = -o**2. Let i(p) = p**3 - 8*p**2 + 5*p - 3. Let j(u) = i(u) - 3*l(u). Let x = 96 + -93. Suppose -2*d + 1 + 12 = -5*f, -5*f - 17 = -x*d. What is j(d)?
1
Let s(j) be the second derivative of -13*j**3/6 - 15*j**2 - 3*j + 353. Give s(-2).
-4
Let n(c) = c**2 + 7*c + 5. Suppose -7808 = 2*q + 14*q. Let a = 484 + q. What is n(a)?
-7
Let d(z) = z**3 + 7*z**2 - 3*z - 15. Let f be (-1 + 1 - 3)/(51/(-187)). Suppose 16*x + f + 101 = 0. Calculate d(x).
6
Suppose -43*t + 41*t = -4*w + 18, 2*w = 4*t. Let a(x) be the first derivative of x**3/6 - 4*x**2 + 2*x - 1. Let z(y) be the first derivative of a(y). Give z(w).
-2
Suppose 0 = -3*h - 5*n + 10, 216*h - 212*h = 3*n + 52. Let s(v) = -7*v + 28. Give s(h).
-42
Let a(f) = 2*f**2 - 47*f + 26. Let v be a(23). Suppose 5*q = 2*i - v, -q - 5*i - 34 = -28. Let w(c) = 4*c**2 - 3*c - 2. Determine w(q).
5
Suppose 13*h - 495 = -157. Suppose 28*q + 2 = -h. Let j(d) = -21*d. What is j(q)?
21
Let r(l) = l**2 + 6 + 6*l - 3 + 5. Let j(u) = 5634*u - 22541. Let d be j(4). Give r(d).
3
Let q(m) = -31*m - 3. Let w(g) = -261*g - 26. Let j(a) = 17*q(a) - 2*w(a). Suppose t = -h - 6, 0*h - 14 = 3*h + 2*t. Let p be (4 - 2)*(-1)/h. Calculate j(p).
-4
Let o = -188 + 193. Let x(k) = 4*k**3 - 23*k**2 - 3*k + 2. Let a(u) = -3*u**3 + 16*u**2 + 2*u - 1. Let h(d) = o*x(d) + 7*a(d). Determine h(-2).
1
Let z(s) = -3*s**3 - 17 + 30*s**2 - 28 - 5*s - 2*s + 1. Let i(j) = -j**3 + 10*j**2 - 2*j - 15. Let f(c) = -17*i(c) + 6*z(c). What is f(9)?
0
Let g(i) = -i**2 - 7*i + 2. Let m(x) = -6*x**2 - 31*x + 9. Let b be (-19 - -1)/((3 - 5) + 4). Let p(d) = b*g(d) + 2*m(d). What is p(1)?
-2
Let x(w) be the second derivative of w**4/4 + 13*w**3/6 + 3*w**2 - w - 59. Calculate x(-5).
16
Let q = -3451 + 3440. Let c(o) = -o**2 - 9*o + 1. Give c(q).
-21
Let l(c) = 5*c + 165. Let p(f) = -91*f + 3062. Let x be p(34). What is l(x)?
5
Let b(l) = -13. Let x(q) = 11*q - 42. Let i(n) = 5*n - 1. Let d(h) = 2*i(h) - x(h). Let s(k) = 14*b(k) + 4*d(k). Calculate s(-7).
6
Let h = 5072 - 5070. Let s(x) = 4*x**3 - 2*x**2 - 6*x + 11. What is s(h)?
23
Let n(h) be the first derivative of h**3 - 4*h**2 + h + 562. What is n(5)?
36
Let u(a) be the first derivative of -a**3/3 - 11*a**2 + a + 1285. What is u(-22)?
1
Let t be ((-48)/(-36)*5)/(2/261). Let q(m) = 8*m - t + 870 - 10*m. What is q(-3)?
6
Suppose -7476 + 7483 = z. Let y(n) be the first derivative of -n**2 - 3*n + z - 1/3*n**3. Give y(-2).
-3
Let u(p) = -3*p**2 + 3*p + 4. Suppose 3*g = 9*m - 11*m + 93, 4*m - 3*g - 159 = 0. Let z be m/12 + -1 - (-6)/4. What is u(z)?
-32
Let n(p) = -2*p**2 - 1. Let a(z) = 8 - 13*z - 5*z + 6*z + 15*z**2 + 2*z - 6*z**2. Let v(o) = -a(o) - 4*n(o). Calculate v(5).
21
Let c(u) = 8*u**2 - 76*u + 17. Let m(h) = 8*h**2 - 76*h + 45. Let j(w) = 3*c(w) - 2*m(w). Calculate j(10).
1
Let h(u) = -6*u - 56. Let j(c) = c + 11. Let g(l) = -2*h(l) - 11*j(l). Let a(p) = -p + 38. Let b(n) = a(n) + 4*g(n). Determine b(-7).
-19
Suppose -3*h = -3*j + 174, 5*j + 5*h - 2*h - 314 = 0. Let w = j + -67. Let u(b) = -b**3 - 6*b**2 - 2*b + 7. Calculate u(w).
19
Let q(v) = 2*v + 29. Let c(r) = r + 14. Suppose 2*k + 4 = x, -2*k = 3*x - 7*k - 13. Let m(t) = x*q(t) - 13*c(t). Calculate m(-6).
-2
Let p(j) be the third derivative of 0*j**5 + 0*j**3 + 0*j - 1/720*j**6 - 40*j**2 + 7/6*j**4 + 0. Let f(q) be the second derivative of p(q). What is f(-8)?
8
Let v(x) = 195 - 7*x - 62 + 2*x**2 - 70 - 65. What is v(7)?
47
Let k(p) = -2*p**3 - p**2 - p + 1. Let z(s) = 11*s**3 + 5*s**2 + 8*s - 20. Let j = 337 + -336. Let x(h) = j*z(h) + 6*k(h). Give x(0).
-14
Let b(n) = n**3 - n**2 - n - 6. Suppose -4*o - 2212*k + 2213*k - 1 = 0, 2*o + 4*k = 4. Give b(o).
-6
Suppose -2*z - 3*r = -4*z + 39, 4*r - 3 = -z. Suppose 18*p + 9 = z*p. Let w(j) = j**2 + 4*j + 5. Calculate w(p).
2
Let s(p) = -12*p + 77. Let h = -34821 + 34828. Give s(h).
